e 1/2 - 155/y. Let q = m - -26. What are the prime factors of q?
2, 3, 7
Suppose 274275 = 33*h + 12*h. What are the prime factors of h?
5, 23, 53
List the prime factors of 60/24*-1*2 + 8548.
8543
List the prime factors of (-798237)/(-135) + 38/285.
3, 73
Let z be 10/(-15) - (-20)/3. Let t(p) = 3*p**2 + 2*p + 1. Let w be t(z). Let i = 33 + w. List the prime factors of i.
2, 7, 11
Let h be 0 - (-602 + (-1 - -7)). Let u = 1094 - h. List the prime factors of u.
2, 3, 83
Let t = -6786 - -8046. List the prime factors of t.
2, 3, 5, 7
Let n(w) = -w**3 + 27*w**2 - 12*w + 62. Let p(c) = -30*c - 154. Let m be p(-6). What are the prime factors of n(m)?
2, 3, 71
Let v(c) = -2*c + 3. Let n be v(-3). Let i(k) = -k**3 + 9*k**2 + 4*k - 22. Let l be i(n). Suppose x - 138 = l. What are the prime factors of x?
2, 19
Suppose -106*a = -9*a - 5724455. List the prime factors of a.
5, 11, 29, 37
Let s(z) = -142*z + 4659. What are the prime factors of s(31)?
257
Let o(f) = -f**2 - 12*f - 25. Let a be o(-9). Let k(p) = 2*p - p + 17*p + 18*p + 4. List the prime factors of k(a).
2, 19
Suppose 1707 - 585 = 2*o. Let s = 985 - o. Suppose -6*g = -50 - s. What are the prime factors of g?
79
Suppose -2*d + 3*o = -6, -2 = d - 2*o - 2*o. Suppose d*t - 1421 = -413. What are the prime factors of t?
2, 3, 7
Suppose -10*i + 32 = 12. Suppose 4*b = p - 559, i*b - 1687 = -3*p + 4*b. What are the prime factors of p?
563
Suppose -4*p = -k - 7, 0 = -5*k + 18 + 7. Let v be (p - 0)*(-7)/(21/8). List the prime factors of (276 + -4)*(-6)/v.
2, 3, 17
Let p = -22505 - -34231. What are the prime factors of p?
2, 11, 13, 41
Let j(g) = -g**2 + 3*g + 2. Let c be j(3). Suppose 1359 = 4*l - 4*s - 1857, c*l + 4*s - 1578 = 0. List the prime factors of l.
17, 47
Suppose 2*l - 5*l + 51 = 0. Let z(a) = a**3 - 16*a**2 - 16*a - 18. Let b be z(l). List the prime factors of (5/(-2) - -2)/(b/34).
17
Suppose -202*p + 18102436 = 5639036. List the prime factors of p.
2, 5, 617
Suppose -16*x + 4*i + 62408 = -12*x, -2*i - 46812 = -3*x. What are the prime factors of x?
2, 1951
Suppose -5*b + x = -45426, x - 36345 = -4*b + 6*x. Suppose -32*p = 701 - b. List the prime factors of p.
2, 131
Let w(c) = -7*c - 2. Let j be w(9). Let g = j - -81. Suppose -14*f - 160 = -g*f. What are the prime factors of f?
2, 5
Let x(r) be the first derivative of -61*r**2 - 2*r - 7. Let z be x(-1). Suppose -2*f = 5*l - z, 2*l + f = 5 + 44. What are the prime factors of l?
2, 11
Suppose 3*s - 42607 = 113*d - 115*d, 0 = -4*s - 20. What are the prime factors of d?
101, 211
Suppose -l = 3*n + 10771 - 60468, -82854 = -5*n + 2*l. List the prime factors of n.
2, 19, 109
Suppose d = -5*k + 48, 0*k = -5*k. Let r be ((-3)/2)/((-2)/d*-6). Let w(l) = -19*l - 3. List the prime factors of w(r).
3, 37
Let q = -1388 + 3445. Suppose -15*t + 13*t - x = -q, 0 = 5*t + 2*x - 5142. What are the prime factors of t?
2, 257
Let o be 20*(-5)/(-20) + 8923. Suppose -8*t = 8*t - o. List the prime factors of t.
2, 3, 31
Let m = 265 + -263. Suppose -87 = -m*h + 577. What are the prime factors of h?
2, 83
List the prime factors of 1*2/4*116124/60*20.
2, 9677
Suppose 16*r = 15*r + 3, 2*z = -3*r + 7711. List the prime factors of z.
3851
Let j = -48291 - -97755. List the prime factors of j.
2, 3, 229
Let j(v) = 506*v**2 + 28*v - 205. List the prime factors of j(7).
5, 4957
Let f(i) = 7*i - 10 + 6 + 1 - 15. Let p be f(3). Suppose -p*t - 5*q + 612 = -0*q, t = -3*q + 204. What are the prime factors of t?
2, 3, 17
Suppose 0*z = -u - 2*z + 38, -5*z - 92 = -3*u. Suppose -4*t = -5*q - 54, 2*t + q + 0*q = u. What are the prime factors of ((-363)/2)/(-1 + 4/t)?
2, 11
Suppose -28 = -30*f + 23*f. Suppose 3*z = -v - f*v + 907, 0 = -2*v + 4. What are the prime factors of z?
13, 23
Let j = 5616 + -7932. Let k = -602 - j. What are the prime factors of k?
2, 857
Let a(g) = -20*g + 11. Let y be a(9). Let n be y/(-13) + (-4)/(-2). Suppose 6*i - n*i + 2115 = 0. List the prime factors of i.
5, 47
Let o(u) = -8023*u**3 - 7*u**2 + 6. What are the prime factors of o(-1)?
2, 3, 7, 191
Let a = -8 + 12. Suppose -3*w + a*d = -13 + 33, 5*d - 25 = -4*w. Suppose w*j + 840 = 8*j. List the prime factors of j.
3, 5, 7
Suppose -d + 251 = -1736 - 240. List the prime factors of d.
17, 131
Let f be 2 + (5 - (5 - 2)). Suppose 2*u - 5*o = 236, u + 368 = 4*u - f*o. What are the prime factors of u?
2
Let q = -33198 - -52954. What are the prime factors of q?
2, 11, 449
Let f(i) = 4*i**3 - 8*i**2 + 4*i + 16. Let h be f(6). Let l = h + 513. What are the prime factors of l?
1129
What are the prime factors of (23570/(-3))/(20/(-30))?
5, 2357
Suppose 2*v + 0*v - 374 = -2*f, 2*f = 0. Suppose -5*m = -v - 878. Suppose b = -u + 148, 3*u - 231 - m = 5*b. List the prime factors of u.
2, 37
Suppose 25221 = 5*j + 4*m, -13*m = -j - 7*m + 5017. List the prime factors of j.
71
Suppose 694 + 91 = f. Suppose 7*l - 2*z = 10*l - f, -3*l - z = -781. List the prime factors of l.
7, 37
Let d be ((-3705)/38)/(3/(-4)). Let m = 194 - d. Suppose m*p - 62*p - 236 = 0. What are the prime factors of p?
2, 59
Suppose 0*g = 2*m - g + 64, 3*m - 2*g + 95 = 0. Let l be ((-162)/12)/9*(m - 1). Let z = -9 + l. List the prime factors of z.
2, 3, 7
Let z = -299 + 854. Let f = z + -395. List the prime factors of f.
2, 5
Let z be (-1)/(-2) - 45/(-18). Let s be (z/6)/(0 - 2/(-452)). Let m = -77 + s. What are the prime factors of m?
2, 3
Let d = 30698 - 20152. What are the prime factors of d?
2, 5273
Suppose 0 = 22*d + 261 - 8643. What are the prime factors of d?
3, 127
Let p = 10 + -7. Suppose 0 = p*l - 7*l + 3*l. List the prime factors of l/3 + (-2 - -126).
2, 31
Suppose 5*f + 4*b - 206 = 0, -3*f - 2*b = -b - 118. Suppose -2*t + 446 = f. Let a = t - 115. List the prime factors of a.
89
Let b(p) = 6*p + 1. Let c be b(1). Let v(w) = 9*w**3 - 7*w**2 - 11*w - 5. Let r(s) = -2*s**3. Let z(j) = -4*r(j) - v(j). List the prime factors of z(c).
2, 41
Suppose 4*l - 28879 = 3925. Suppose -33*x + l = -610. List the prime factors of x.
3, 89
What are the prime factors of 27075 - (2 - (9 - 8))?
2, 13537
Let z(g) = -8*g**3 + g**2 - 9*g - 29. Let b be z(-3). Let p = 937 + b. What are the prime factors of p?
2, 5, 29
Let c(o) be the second derivative of -o**5/20 - 7*o**4/12 + o**3/3 + 11*o**2/2 - 4*o. Let g be c(-7). What are the prime factors of 0 - 1 - (-1 - 93) - g?
2, 3
Let f = -142 - -294. Suppose -r + x + f = 3*x, 0 = 3*r - x - 428. List the prime factors of r.
2, 3
Let g be ((-65)/(-78))/((-1)/(-6)). Suppose 3*c - v - 1237 = -191, -3*c + 1016 = g*v. What are the prime factors of c?
347
Suppose 71*o - 75*o + 4 = 0. List the prime factors of (o - -449)/(46/69).
3, 5
What are the prime factors of (-1784)/15*-21*(-7 - 228/(-24))?
2, 7, 223
Let x(o) = -17*o**3 - 7*o**2 + 15*o + 85. What are the prime factors of x(-13)?
2, 4507
Let q(d) = -121*d - 262. Let f(v) = -2*v. Let k(t) = 4*f(t) + q(t). What are the prime factors of k(-7)?
641
Let o(c) = -585*c**3 + 218*c**2 + 663*c + 1. What are the prime factors of o(-3)?
13, 1213
Let v be (15/(-12) - -1)/(4/(-64)). Suppose 5*w + 3*h = 2015, 4*w - 1625 = -v*h - h. List the prime factors of w.
2, 5
Suppose 3*w = -2*w - 805. Let z be 1480/14 - 46/w. Let v = -58 + z. List the prime factors of v.
2, 3
Suppose 62*y = 67*y - 5760. Suppose -4*k + 5*i + 2300 = 0, -y = -2*k + 4*i - 2*i. What are the prime factors of k?
2, 5, 29
Let c(v) = v**3 + 6*v**2 + 4*v - 1. Let f be c(-5). Let z(s) = -9 + 2 + 14*s + 30*s - f*s. What are the prime factors of z(3)?
113
Let m(x) = 9*x**3 - 254*x**2 + 14*x - 83. What are the prime factors of m(29)?
2, 3, 5, 23
What are the prime factors of 107/1070 - ((-186829)/10 - 1)?
2, 3, 173
Let y(p) = -p**3 + 18*p**2 - 35*p + 32. Let i be y(16). Let u(c) = -35*c - 72. List the prime factors of u(i).
2, 61
Suppose 2*z + 4*i = 141892, 52 = -3*i + 55. List the prime factors of z.
2, 3, 739
What are the prime factors of ((-20)/(-70) - 177593/(-14))*(-20)/(-30)?
3, 2819
Suppose 5*w = 5*v + 22210, -26*w + 30*w - 17831 = -5*v. What are the prime factors of w?
3, 1483
Suppose 0 = 4*g + 3*h - 26863, -27*h = 3*g - 32*h - 20111. List the prime factors of g.
2, 839
Let i(z) = 3*z**2 + 3*z - 21. Let g = -304 - -288. List the prime factors of i(g).
3, 233
Suppose 3*g - 132 = -4*q - 0*q, -2*q + g + 66 = 0. What are the prim